{"id":463,"date":"2023-06-09T14:43:14","date_gmt":"2023-06-09T14:43:14","guid":{"rendered":"https:\/\/321.detoksland.com\/?post_type=product&#038;p=463"},"modified":"2023-06-10T09:06:51","modified_gmt":"2023-06-10T09:06:51","slug":"463","status":"publish","type":"product","link":"https:\/\/321.detoksland.com\/index.php\/product\/463\/","title":{"rendered":""},"content":{"rendered":"<h3><\/h3>\n<h4><strong>Sadr\u017eaj na 100 g<\/strong><\/h4>\n<p>Energetska vrednost: 565 kcal,<br \/>\nNutritivna vrednost:\u00a0proteini \u2013 21,9 g;\u00a0masti \u2013 48,7 g;\u00a0ugljeni hidrati \u2013 10,1 g.<br \/>\nCrni kim sadr\u017ei:<br \/>\nVitamine: C, E,B1, B2,B3, B4, makronutrijente<br \/>\nmagnezijum, kalijum, kalcijum, fosfor, natrijum<br \/>\nElemente u tragovima:\u00a0cink, bakar, mangan, selen, gvo\u017e\u0111e<br \/>\nOstale prednosti:\u00a0beta karoten, vitamin B1 ,B2<br \/>\nNeto te\u017eina 155 g<\/p>\n<h4><strong>Namaz &#8211; urbe\u010d od semena cnog kima<\/strong><\/h4>\n<p>Crni kim je jednogodi\u0161nja cvetna biljka iz porodice Ranunculaceae poreklom iz ju\u017ene i jugozapadne Azije. Seme crnog kima koristi se u narodnoj medicini Bliskog istoka kao prirodni lek za razne bolesti vi\u0161e od\u00a02000 godina. Pominje ga prorok Muhameda u Kuranu: \u201eOvaj crni kim je lek za sve bolesti osim smrti\u201d. Vekovima se koristi za le\u010denje bukvalno svega, od apscesa do herpes zoster-a.<\/p>\n<p>Zbog svoje neverovatne mo\u0107i isceljenja crnim kim je zauzeo mesto me\u0111u najbolje rangiranim biljnim lekovima.\u00a0Ve\u0107ina terapeutskih svojstava semena crnog kima je zbog prisustva timohinona koji je glavna bioaktivna komponenta.<\/p>\n<p><strong>Namaz &#8211; urbe\u010d od crnog kima je efikasan kod upala, bakterija, gljivica, parazita, raznih vrsta gr\u010deva, protiv bolova, pove\u0107ava izlu\u010divanje \u017eu\u010di, neutrali\u0161e nadimanje, deluje kao diuretik. Upotreba urbe\u010da od crnog kima pove\u0107ava vitalnost, mentalne sposobnosti, ubla\u017eava alergijske reakcije, ja\u010da imuni sistem.<\/strong><\/p>\n<h4><strong>\u00a01. \u0160titi creva<\/strong><\/h4>\n<p>\u010cini se da seme crnog kima ima svojstva protiv \u010dira uzrokovanog bakterijom Heliobacter pilori.\u00a0Seme crnog kima i timohinon u ispitivanjima mogu delimi\u010dno da brane sluznicu \u017eeluca kod mi\u0161eva (od akutne povrede sluzoko\u017ee izazvane alkoholom).\u00a0Crni kim zna\u010dajno je smanjio ozbiljnost o\u0161te\u0107enja \u2013 pukotine creva kod pacova (sa nekrotizuju\u0107im kolitisom).<\/p>\n<h4>\u00a0<strong>\u00a0\u00a02. Le\u010denje MRSA<\/strong><\/h4>\n<p>Staphilococcus aureus ili MRSA otporan na meticilin je vrsta \u010desto fatalne infekcije koju je te\u0161ko le\u010diti.\u00a0Istra\u017eiva\u010di sa Univerziteta zdravstvenih nauka u Lahoreu u Pakistanu otkrili su da pacijenti koji pate od MRSA dobro reaguju na tretman semena crnog kima.<\/p>\n<p>Seme se sastoji od mo\u0107nih antimikrobnih i antibakterijskih agenasa koji ubijaju bakterije u kontaktu.\u00a0Sve bez ne\u017eeljenih nuspojava.<br \/>\nZdravstveni stru\u010dnjaci smatraju da semeinog kima imaju sposobnost da le\u010di druge sojeve bakterije koje su otporne na antibiotike, uklju\u010duju\u0107i mikrobe koji izazivaju HIV, stafilokoku, malariju, tuberkulozu, grip, kandidu i gonoreju.<\/p>\n<h4>\u00a0<strong>3. \u0160titi bubrege i spre\u010dava nastanak kamena u bubregu<\/strong><\/h4>\n<p>Seme crnog kima se tradicionalno koristi za le\u010denje i prevenciju kamena u bubregu.\u00a0Dokazi sugeri\u0161u prili\u010dno mo\u0107na svojstva protiv kamena u bubregu.\u00a0Crni kim bio je efikasan protiv toksi\u010dnosti gentamicina na bubrege.\u00a0Ekstrakt semena imao je odbrambeno dejstvo protiv povrede bubrega (ishemije).<\/p>\n<h4><strong>4. Dobar kod dijabetesa<\/strong><\/h4>\n<p>Seme crnog kima se preporu\u010duje me\u0111u lekarima tradicionalne medicine za le\u010denje dijabetesa.\u00a0Ekstrakt semena poma\u017ee u pove\u0107anju osloba\u0111anja insulina kod dijabeti\u010dkih glodara.\u00a0Osim toga, crni kim ima zna\u010dajnu aktivnost kod dijabeti\u010dara i pacijenata sa visokim holesterolom.<\/p>\n<h4><strong>5. Smanjuje napade epilepsije<\/strong><\/h4>\n<p>Prema izve\u0161taju objavljenom u \u010dasopisu Medical Science Monitor, redovna upotreba semena crnog kima poma\u017ee da se minimiziraju napadi kod dece sa epilepsijom.\u00a0Istra\u017eivanje je uklju\u010divalo pra\u0107enje epilepti\u010dne dece koja vi\u0161e ne reaguje na konvencionalno le\u010denje.\u00a0Istra\u017eiva\u010di zaklju\u010duju da seme sadr\u017ei antikonvulzivne agense koji impresivno smanjuju epilepti\u010dne napade.<\/p>\n<h4><strong>6. Za\u0161titita od sr\u010danih bolesti<\/strong><\/h4>\n<p>Seme crnog kima dato pacovima bilo je u stanju da pobolj\u0161a oporavak sr\u010danog tkiva nakon povrede (ishemija\/reperfuzija).\u00a0Seme je korisno u le\u010denju visokog holesterola.\u00a0Utvr\u0111eno je da seme crnog kima\u00a0 ljudima sa visokim holesterolom smanjuje ukupni holesterol i trigliceride.<\/p>\n<p>Svakodnevna upotreba oko 2 meseca mo\u017ee pomo\u0107i u sni\u017eavanju krvnog pritiska kod pacijenata sa blagom hipertenzijom (HT).\u00a0Osim toga, seme crnog kima (timohinon) smanjuje otvrdnjavanje arterija od visokog holesterola.<\/p>\n<h4><strong>7. Deluje antivirusno<\/strong><\/h4>\n<p>Seme crnog kima ima sposobnost da smanji virusno optere\u0107enje kod osoba sa hepatitisom C. Seme crnog kima ima antivirusna svojstva protiv virusnog infektivnog laringotraheitisa.\u00a0Efikasan je protiv virusa citomegalovirusa (CMV) kod mi\u0161eva.<\/p>\n<h4><strong>8. Gubitak te\u017eine<\/strong><\/h4>\n<p>Crni kim je zapravo divan suzbija\u010d apetita, \u0161to zna\u010di da br\u017ee ose\u0107ate sitost, pa jedete manje.\u00a0Dakle, gubite te\u017einu.\u00a0Tako\u0111e poma\u017ee u smanjenju porasta \u0161e\u0107era u krvi, \u0161to poma\u017ee smanjenju \u017eudnje za hranom.\u00a0Dakle, redovno uklju\u010divanje crnog kima je jedan od najboljih metoda za gubitak te\u017eine.<\/p>\n<h4><strong>9. Varenje<\/strong><\/h4>\n<p>Seme crnog kima podr\u017eava varenje.\u00a0Seme crnog kima nudi neke prednosti za varenje zbog svog sadr\u017eaja kalcijuma i bakra.\u00a0Bakar koji se nalazi u semenkama kima tako\u0111e odr\u017eava zdravlje probavnog sistema.<\/p>\n<p>Porcija od 2 supene ka\u0161ike semena sadr\u017ei 112 miligrama kalcijuma i 104 mikrograma bakra \u2013 11 procenata dnevnih potreba za kalcijumom i 12 procenata dnevnih potreba za bakrom.\u00a0Zato uklju\u010dite crni kim u svoju redovnu ishranu da biste re\u0161ili sve probleme vezane za varenje.<\/p>\n<h4><strong>10. Ja\u010da imuni sistem<\/strong><\/h4>\n<p>Uzimanje semena crnog kima pobolj\u0161ava sposobnost makrofaga da uni\u0161te patogene.\u00a0Ekstrakt crnog semena pove\u0107ao je citotoksi\u010dnost \u0107elija prirodnih ubica na tumorske \u0107elije.\u00a0Seme crnog kima moglo je da pove\u0107a lu\u010denje IL-3 iz limfocita.<\/p>\n<h4><strong>11. Antigljivi\u010dna aktivnost<\/strong><\/h4>\n<p>Seme crnog kima posedovalo je zna\u010dajnu aktivnost protiv gljivica. Ekstrakti semena crnog kima imaju najja\u010de antigljivi\u010dno dejstvo protiv Candida albicans.\u00a0Defenzini (Ns-D1 i Ns-D2) su pokazali jaku antigljivi\u010dnu aktivnost prema brojnim fitopatogenim gljivicama.<\/p>\n<h4><strong>Druge tradicionalne upotrebe i prednosti crnog kima<\/strong><\/h4>\n<p>Crni kim, koristi se kao biljni narodni lek \u0161irom sveta za le\u010denje i prevenciju brojnih bolesti poput astme, dislipidemije, bronhitisa, dijareje, dijabetesa, hiperglikemije i srodnih abnormalnosti, glavobolja, raka, dizenterije, infekcije, gojaznosti, hemoroida, hipertenzije, bola u le\u0111ima, hipertenzije, gastrointestinalnih problema, polnih bolesti, ekcema, \u010direva, reumatizma, gljivi\u010dnih infekcija, sr\u010danih oboljenja.<\/p>\n<p>Ljudi na Bliskom istoku u jugoisto\u010dnoj Aziji vekovima su koristili seme crnog kima za njegov homeopatski efekat.\u00a0Seme se smatra stimulansom, diuretikom, a dojilje ga koriste za pove\u0107anje lu\u010denja mleka, zatim kao analgetik i antiinflamatorno sredstvo.<\/p>\n<h4>Crni kim se tako\u0111e koristi kao pomo\u0107no sredstvo lekova za \u010di\u0161\u0107enje creva i\u00a0kao sredstvo protiv nadimanja kod lo\u0161eg varenja i crevnih tegoba.<\/h4>\n<p>Seme crnog kima se tako\u0111e koristi za le\u010denje stanja ko\u017ee kao \u0161to su ekcem, apscesi i \u010direvi i za le\u010denje simptoma prehlade kao i za borbu protiv parazitskih infekcija.\u00a0Me\u0161avina urbe\u010da od crnog kima, meda i belog luka \u010dini mo\u0107an tonik za smirivanje ka\u0161lja i ja\u010danje imuniteta, posebno tokom sezone prehlade i gripa.<\/p>\n<p><strong>Crni kim \u201epodsti\u010de energiju tela\u201c i poma\u017ee u oporavku od umora i \u201eslomljenosti\u201c usled infekcije.<\/strong><\/p>\n<p>&nbsp;<\/p>\n","protected":false},"excerpt":{"rendered":"<p>&nbsp;<\/p>\n<p><strong>\u010cak iu drevnim vremenima,<\/strong><br \/>\n<strong>Kleopatra je koristila crni kim da bi dugo sa\u010duvala svoju lepotu i mladost.<\/strong><br \/>\n<strong>Danas je nau\u010dno dokazano da crni kim stimuli\u0161e timusnu \u017elezdu.<\/strong><br \/>\n<strong>Ona je, zauzvrat, odgovorna za imuni sistem i odbranu tela.<\/strong><br \/>\n<strong>Odnosno, crni kim je lek za gotovo sve bolesti,<\/strong><br \/>\n<strong>ma koliko to populisti\u010dki zvu\u010dalo.<\/strong><br \/>\n<strong>Podsti\u010de na\u0161e telo da se samostalno bori protiv bolesti.<\/strong><\/p>\n","protected":false},"featured_media":0,"comment_status":"open","ping_status":"closed","template":"","meta":{"_et_pb_use_builder":"","_et_pb_old_content":"","_et_gb_content_width":""},"product_cat":[31],"product_tag":[],"class_list":{"0":"post-463","1":"product","2":"type-product","3":"status-publish","5":"product_cat-uncategorized","7":"first","8":"instock","9":"shipping-taxable","10":"purchasable","11":"product-type-simple"},"yoast_head":"<!-- This site is optimized with the Yoast SEO plugin v22.1 - https:\/\/yoast.com\/wordpress\/plugins\/seo\/ -->\n<title>- Detoks Land<\/title>\n<meta name=\"robots\" content=\"index, follow, max-snippet:-1, max-image-preview:large, max-video-preview:-1\" \/>\n<link rel=\"canonical\" href=\"https:\/\/321.detoksland.com\/index.php\/product\/463\/\" \/>\n<meta property=\"og:locale\" content=\"en_US\" \/>\n<meta property=\"og:type\" content=\"article\" \/>\n<meta property=\"og:title\" content=\"- Detoks Land\" \/>\n<meta property=\"og:description\" content=\"&nbsp;  \u010cak iu drevnim vremenima, Kleopatra je koristila crni kim da bi dugo sa\u010duvala svoju lepotu i mladost. Danas je nau\u010dno dokazano da crni kim stimuli\u0161e timusnu \u017elezdu. Ona je, zauzvrat, odgovorna za imuni sistem i odbranu tela. Odnosno, crni kim je lek za gotovo sve bolesti, ma koliko to populisti\u010dki zvu\u010dalo. Podsti\u010de na\u0161e telo da se samostalno bori protiv bolesti.\" \/>\n<meta property=\"og:url\" content=\"https:\/\/321.detoksland.com\/index.php\/product\/463\/\" \/>\n<meta property=\"og:site_name\" content=\"Detoks Land\" \/>\n<meta property=\"article:modified_time\" content=\"2023-06-10T09:06:51+00:00\" \/>\n<meta name=\"twitter:card\" content=\"summary_large_image\" \/>\n<meta name=\"twitter:label1\" content=\"Est. reading time\" \/>\n\t<meta name=\"twitter:data1\" content=\"5 minutes\" \/>\n<script type=\"application\/ld+json\" class=\"yoast-schema-graph\">{\"@context\":\"https:\/\/schema.org\",\"@graph\":[{\"@type\":\"WebPage\",\"@id\":\"https:\/\/321.detoksland.com\/index.php\/product\/463\/\",\"url\":\"https:\/\/321.detoksland.com\/index.php\/product\/463\/\",\"name\":\"- Detoks Land\",\"isPartOf\":{\"@id\":\"https:\/\/321.detoksland.com\/#website\"},\"datePublished\":\"2023-06-09T14:43:14+00:00\",\"dateModified\":\"2023-06-10T09:06:51+00:00\",\"breadcrumb\":{\"@id\":\"https:\/\/321.detoksland.com\/index.php\/product\/463\/#breadcrumb\"},\"inLanguage\":\"en-US\",\"potentialAction\":[{\"@type\":\"ReadAction\",\"target\":[\"https:\/\/321.detoksland.com\/index.php\/product\/463\/\"]}]},{\"@type\":\"BreadcrumbList\",\"@id\":\"https:\/\/321.detoksland.com\/index.php\/product\/463\/#breadcrumb\",\"itemListElement\":[{\"@type\":\"ListItem\",\"position\":1,\"name\":\"Home\",\"item\":\"https:\/\/321.detoksland.com\/\"},{\"@type\":\"ListItem\",\"position\":2,\"name\":\"Shop\",\"item\":\"https:\/\/321.detoksland.com\/index.php\/shop\/\"}]},{\"@type\":\"WebSite\",\"@id\":\"https:\/\/321.detoksland.com\/#website\",\"url\":\"https:\/\/321.detoksland.com\/\",\"name\":\"Detoks Land\",\"description\":\"salon za lepotu\",\"potentialAction\":[{\"@type\":\"SearchAction\",\"target\":{\"@type\":\"EntryPoint\",\"urlTemplate\":\"https:\/\/321.detoksland.com\/?s={search_term_string}\"},\"query-input\":\"required name=search_term_string\"}],\"inLanguage\":\"en-US\"}]}<\/script>\n<!-- \/ Yoast SEO plugin. -->","yoast_head_json":{"title":"- Detoks Land","robots":{"index":"index","follow":"follow","max-snippet":"max-snippet:-1","max-image-preview":"max-image-preview:large","max-video-preview":"max-video-preview:-1"},"canonical":"https:\/\/321.detoksland.com\/index.php\/product\/463\/","og_locale":"en_US","og_type":"article","og_title":"- Detoks Land","og_description":"&nbsp;  \u010cak iu drevnim vremenima, Kleopatra je koristila crni kim da bi dugo sa\u010duvala svoju lepotu i mladost. Danas je nau\u010dno dokazano da crni kim stimuli\u0161e timusnu \u017elezdu. Ona je, zauzvrat, odgovorna za imuni sistem i odbranu tela. Odnosno, crni kim je lek za gotovo sve bolesti, ma koliko to populisti\u010dki zvu\u010dalo. Podsti\u010de na\u0161e telo da se samostalno bori protiv bolesti.","og_url":"https:\/\/321.detoksland.com\/index.php\/product\/463\/","og_site_name":"Detoks Land","article_modified_time":"2023-06-10T09:06:51+00:00","twitter_card":"summary_large_image","twitter_misc":{"Est. reading time":"5 minutes"},"schema":{"@context":"https:\/\/schema.org","@graph":[{"@type":"WebPage","@id":"https:\/\/321.detoksland.com\/index.php\/product\/463\/","url":"https:\/\/321.detoksland.com\/index.php\/product\/463\/","name":"- Detoks Land","isPartOf":{"@id":"https:\/\/321.detoksland.com\/#website"},"datePublished":"2023-06-09T14:43:14+00:00","dateModified":"2023-06-10T09:06:51+00:00","breadcrumb":{"@id":"https:\/\/321.detoksland.com\/index.php\/product\/463\/#breadcrumb"},"inLanguage":"en-US","potentialAction":[{"@type":"ReadAction","target":["https:\/\/321.detoksland.com\/index.php\/product\/463\/"]}]},{"@type":"BreadcrumbList","@id":"https:\/\/321.detoksland.com\/index.php\/product\/463\/#breadcrumb","itemListElement":[{"@type":"ListItem","position":1,"name":"Home","item":"https:\/\/321.detoksland.com\/"},{"@type":"ListItem","position":2,"name":"Shop","item":"https:\/\/321.detoksland.com\/index.php\/shop\/"}]},{"@type":"WebSite","@id":"https:\/\/321.detoksland.com\/#website","url":"https:\/\/321.detoksland.com\/","name":"Detoks Land","description":"salon za lepotu","potentialAction":[{"@type":"SearchAction","target":{"@type":"EntryPoint","urlTemplate":"https:\/\/321.detoksland.com\/?s={search_term_string}"},"query-input":"required name=search_term_string"}],"inLanguage":"en-US"}]}},"jetpack_sharing_enabled":true,"_links":{"self":[{"href":"https:\/\/321.detoksland.com\/index.php\/wp-json\/wp\/v2\/product\/463","targetHints":{"allow":["GET"]}}],"collection":[{"href":"https:\/\/321.detoksland.com\/index.php\/wp-json\/wp\/v2\/product"}],"about":[{"href":"https:\/\/321.detoksland.com\/index.php\/wp-json\/wp\/v2\/types\/product"}],"replies":[{"embeddable":true,"href":"https:\/\/321.detoksland.com\/index.php\/wp-json\/wp\/v2\/comments?post=463"}],"wp:attachment":[{"href":"https:\/\/321.detoksland.com\/index.php\/wp-json\/wp\/v2\/media?parent=463"}],"wp:term":[{"taxonomy":"product_cat","embeddable":true,"href":"https:\/\/321.detoksland.com\/index.php\/wp-json\/wp\/v2\/product_cat?post=463"},{"taxonomy":"product_tag","embeddable":true,"href":"https:\/\/321.detoksland.com\/index.php\/wp-json\/wp\/v2\/product_tag?post=463"}],"curies":[{"name":"wp","href":"https:\/\/api.w.org\/{rel}","templated":true}]}}