{"id":457,"date":"2023-06-07T15:29:02","date_gmt":"2023-06-07T15:29:02","guid":{"rendered":"https:\/\/321.detoksland.com\/?post_type=product&#038;p=457"},"modified":"2023-06-07T19:13:15","modified_gmt":"2023-06-07T19:13:15","slug":"457","status":"publish","type":"product","link":"https:\/\/321.detoksland.com\/index.php\/product\/457\/","title":{"rendered":"Namaz &#8211; Urbe\u010d od ko\u0161tica kajsija"},"content":{"rendered":"<h3><\/h3>\n<h4><strong>Urbe\u010d od ko\u0161tica kajsije<\/strong><\/h4>\n<p>Prednosti urbe\u010da od ko\u0161tice kajsije su odavno poznate, ali malo ljudi zna da su semenke ovog voc\u0301a dragocene. One su lek u borbi protiv raznih tegoba uklju\u010dujuc\u0301i i onkolo\u0161ke.<br \/>\nUrbe\u010d od semenki kajsija priprema se upravo od zrna semena ovog ukusnog i so\u010dnog voc\u0301a. Ovo jelo je deo dagestanske kulture i koristi se za povec\u0301anje imuniteta i obnavljanje tela energijom.<\/p>\n<h4><strong>Urbe\u010d od ko\u0161tice kajsije: poslastica za zdravlje i dugove\u010dnost<\/strong><\/h4>\n<ul>\n<li>Sadr\u017eaj na 100 g<br \/>\nEnergetska vrednost:\u00a0553 kcal,<br \/>\nNutritivna vrednost:\u00a0proteini \u2013 21,6 g; masti \u2013 48,5 g; ugljeni hidrati \u2013 3,18 g.<br \/>\nKo\u0161tice kajsija sadr\u017ee:<br \/>\nVitamine:\u00a0A, B17, B2, B3, C, F, PP<br \/>\nMakronutrijente:\u00a0magnezijum, kalijum, natrijum, kalcijum<br \/>\nElemente u tragovima:\u00a0cink, bakar, fosfor, kobalt, selen, gvo\u017e\u0111e<\/li>\n<\/ul>\n<h4><strong>Vredi napomenuti<\/strong><\/h4>\n<p>Za op\u0161tu dobrobit vredno je uvesti ovo jelo u ishranu u malim porcijama, jednu ka\u0161i\u010dicu 1-3 puta dnevno. Veoma je ukusno dodati urbe\u010d od ko\u0161tice kajsije u smutije ili ga jesti sa vo\u0107em.<\/p>\n<h4><strong>Zaboravite na bolesti<\/strong><\/h4>\n<p>Urbe\u010d iz ko\u0161tice kajsije je vredan dodatak ishrani za one koji vode aktivan na\u010din \u017eivota i brinu o svom zdravlju. Zbog visoke nutritivne vrednosti, urbe\u010d od ko\u0161tice kajsije efikasno elimini\u0161e osec\u0301aj gladi na nekoliko sati.<\/p>\n<p>Urbe\u010d ima potpuno prirodan sastav tako da \u010dak i uz svakodnevnu upotrebu ne rizikujete da nanesete \u0161tetu svom zdravlju. Daje vitalnost i energiju, ja\u010da imuni sistem. Ovo je neophodan proizvod za ljude koji do\u017eivljavaju veliki fizi\u010dki ili psihi\u010dki stres.<\/p>\n<p>Ovakav namaz je vredan prehrambeni proizvod za vegetarijance i one koji su na sirovoj ishrani jer omoguc\u0301ava da se nadoknadi nedostatak hranljivih materija usled nedostatka u ishrani \u017eivotinjskim namirnicama.<\/p>\n<p>Urbe\u010d iz semenke kajsije normalizuje rad respiratornog, kardiovaskularnog, genitourinarnog sistema. Kada se uzima redovno ima sna\u017eno preventivno i lekovito dejstvo.<\/p>\n<p>Zbog visokog sadr\u017eaja vlakana, urbe\u010d aktivira metabolizam, pobolj\u0161ava pokretljivost creva. Semenke usitnjene u ovu pastu daleko se lak\u0161e vare a materije sadr\u017eane u njima telo maksimalno apsorbuje.<\/p>\n<h4><strong>Prednosti urbe\u010da od ko\u0161tice kajsije:<\/strong><\/h4>\n<h5><strong>Op\u0161te<\/strong><\/h5>\n<p>Ovaj urbe\u010d-namaz je lider po sadr\u017eaju vitamina B17 koji sadr\u017ei cijanid ubicu c\u0301elija raka. U susretu sa zdravom c\u0301elijom ovaj vitamin formira samo jednostavan ugljeni hidrat.<\/p>\n<h5><strong>Mi\u0161ic\u0301i, kosti, tkiva<\/strong><\/h5>\n<p>Prirodne masne kiseline, poput palmitinske, linolne i oleinske blagotvorno deluju na epidermis, pobolj\u0161avaju stanje kose i noktiju.<\/p>\n<h5><strong>Nervni sistem<\/strong><\/h5>\n<p>Vredan proizvod koji aktivira mozak, pozitivno uti\u010de na pamc\u0301enje i koncentraciju. Urbe\u010d od ko\u0161tica kajsija ima blago kiselkast ukus sa primesama slatke kajsije.<\/p>\n<h5><strong>Varenje, reproduktivni sistem<\/strong><\/h5>\n<p>Pobolj\u0161ava peristaltiku creva, uklanja toksine i parazite. Koristan za nefritis.<br \/>\nSrce, krvni sudovi: povec\u0301anje nivoa hemoglobina i prevencija anemije.<br \/>\nRespiratorni sistem: poma\u017ee kod bronho-pluc\u0301nih problema \u2013 ka\u0161lja, laringitisa, bronhitisa.<\/p>\n","protected":false},"excerpt":{"rendered":"<h4><\/h4>\n<h4><strong>Urbe\u010d od ko\u0161tice kajsije ima sledec\u0301a korisna svojstva:<\/strong><\/h4>\n<p>1. \u010di\u0161ti organizam od te\u0161kih metala i toksina;<br \/>\n2. normalizuje stolicu;<br \/>\n3. pobolj\u0161ava metaboli\u010dki proces;<br \/>\n4. povec\u0301ava odbranu organizma;<br \/>\n5. pobolj\u0161ava pamc\u0301enje;<br \/>\n6. poma\u017ee u koncentraciji;<br \/>\n7. smanjuje sadr\u017eaj holesterola u krvi;<br \/>\n8. pobolj\u0161ava stanje ko\u017ee;<br \/>\n9. deluje umirujuc\u0301e;<br \/>\n10. \u0161titi kardiovaskularni sistem;<br \/>\n11. prevencija raka;<br \/>\n12. ja\u010da zglobove,<br \/>\n13. poma\u017ee kod bolesti respiratornog sistema;<br \/>\n14. poma\u017ee u stabilizaciji te\u017eine;<br \/>\n15. blagotvorno deluje na digestivni trakt.<\/p>\n","protected":false},"featured_media":458,"comment_status":"open","ping_status":"closed","template":"","meta":{"_et_pb_use_builder":"","_et_pb_old_content":"","_et_gb_content_width":""},"product_cat":[31],"product_tag":[],"class_list":{"0":"post-457","1":"product","2":"type-product","3":"status-publish","4":"has-post-thumbnail","6":"product_cat-uncategorized","8":"first","9":"instock","10":"shipping-taxable","11":"purchasable","12":"product-type-simple"},"yoast_head":"<!-- This site is optimized with the Yoast SEO plugin v22.1 - https:\/\/yoast.com\/wordpress\/plugins\/seo\/ -->\n<title>Namaz - Urbe\u010d od ko\u0161tica kajsija - Detoks Land<\/title>\n<meta name=\"robots\" content=\"index, follow, max-snippet:-1, max-image-preview:large, max-video-preview:-1\" \/>\n<link rel=\"canonical\" href=\"https:\/\/321.detoksland.com\/index.php\/product\/457\/\" \/>\n<meta property=\"og:locale\" content=\"en_US\" \/>\n<meta property=\"og:type\" content=\"article\" \/>\n<meta property=\"og:title\" content=\"Namaz - Urbe\u010d od ko\u0161tica kajsija - Detoks Land\" \/>\n<meta property=\"og:description\" content=\"Urbe\u010d od ko\u0161tice kajsije ima sledec\u0301a korisna svojstva: 1. \u010di\u0161ti organizam od te\u0161kih metala i toksina; 2. normalizuje stolicu; 3. pobolj\u0161ava metaboli\u010dki proces; 4. povec\u0301ava odbranu organizma; 5. pobolj\u0161ava pamc\u0301enje; 6. poma\u017ee u koncentraciji; 7. smanjuje sadr\u017eaj holesterola u krvi; 8. pobolj\u0161ava stanje ko\u017ee; 9. deluje umirujuc\u0301e; 10. \u0161titi kardiovaskularni sistem; 11. prevencija raka; 12. ja\u010da zglobove, 13. poma\u017ee kod bolesti respiratornog sistema; 14. poma\u017ee u stabilizaciji te\u017eine; 15. blagotvorno deluje na digestivni trakt.\" \/>\n<meta property=\"og:url\" content=\"https:\/\/321.detoksland.com\/index.php\/product\/457\/\" \/>\n<meta property=\"og:site_name\" content=\"Detoks Land\" \/>\n<meta property=\"article:modified_time\" content=\"2023-06-07T19:13:15+00:00\" \/>\n<meta property=\"og:image\" content=\"https:\/\/321.detoksland.com\/wp-content\/uploads\/2023\/06\/Urbec-od-kostica-kajsija-smanj-fotogr.jpg\" \/>\n\t<meta property=\"og:image:width\" content=\"640\" \/>\n\t<meta property=\"og:image:height\" content=\"800\" \/>\n\t<meta property=\"og:image:type\" content=\"image\/jpeg\" \/>\n<meta name=\"twitter:card\" content=\"summary_large_image\" \/>\n<meta name=\"twitter:label1\" content=\"Est. reading time\" \/>\n\t<meta name=\"twitter:data1\" content=\"2 minutes\" \/>\n<script type=\"application\/ld+json\" class=\"yoast-schema-graph\">{\"@context\":\"https:\/\/schema.org\",\"@graph\":[{\"@type\":\"WebPage\",\"@id\":\"https:\/\/321.detoksland.com\/index.php\/product\/457\/\",\"url\":\"https:\/\/321.detoksland.com\/index.php\/product\/457\/\",\"name\":\"Namaz - Urbe\u010d od ko\u0161tica kajsija - Detoks Land\",\"isPartOf\":{\"@id\":\"https:\/\/321.detoksland.com\/#website\"},\"datePublished\":\"2023-06-07T15:29:02+00:00\",\"dateModified\":\"2023-06-07T19:13:15+00:00\",\"breadcrumb\":{\"@id\":\"https:\/\/321.detoksland.com\/index.php\/product\/457\/#breadcrumb\"},\"inLanguage\":\"en-US\",\"potentialAction\":[{\"@type\":\"ReadAction\",\"target\":[\"https:\/\/321.detoksland.com\/index.php\/product\/457\/\"]}]},{\"@type\":\"BreadcrumbList\",\"@id\":\"https:\/\/321.detoksland.com\/index.php\/product\/457\/#breadcrumb\",\"itemListElement\":[{\"@type\":\"ListItem\",\"position\":1,\"name\":\"Home\",\"item\":\"https:\/\/321.detoksland.com\/\"},{\"@type\":\"ListItem\",\"position\":2,\"name\":\"Shop\",\"item\":\"https:\/\/321.detoksland.com\/index.php\/shop\/\"},{\"@type\":\"ListItem\",\"position\":3,\"name\":\"Namaz &#8211; Urbe\u010d od ko\u0161tica kajsija\"}]},{\"@type\":\"WebSite\",\"@id\":\"https:\/\/321.detoksland.com\/#website\",\"url\":\"https:\/\/321.detoksland.com\/\",\"name\":\"Detoks Land\",\"description\":\"salon za lepotu\",\"potentialAction\":[{\"@type\":\"SearchAction\",\"target\":{\"@type\":\"EntryPoint\",\"urlTemplate\":\"https:\/\/321.detoksland.com\/?s={search_term_string}\"},\"query-input\":\"required name=search_term_string\"}],\"inLanguage\":\"en-US\"}]}<\/script>\n<!-- \/ Yoast SEO plugin. -->","yoast_head_json":{"title":"Namaz - Urbe\u010d od ko\u0161tica kajsija - Detoks Land","robots":{"index":"index","follow":"follow","max-snippet":"max-snippet:-1","max-image-preview":"max-image-preview:large","max-video-preview":"max-video-preview:-1"},"canonical":"https:\/\/321.detoksland.com\/index.php\/product\/457\/","og_locale":"en_US","og_type":"article","og_title":"Namaz - Urbe\u010d od ko\u0161tica kajsija - Detoks Land","og_description":"Urbe\u010d od ko\u0161tice kajsije ima sledec\u0301a korisna svojstva: 1. \u010di\u0161ti organizam od te\u0161kih metala i toksina; 2. normalizuje stolicu; 3. pobolj\u0161ava metaboli\u010dki proces; 4. povec\u0301ava odbranu organizma; 5. pobolj\u0161ava pamc\u0301enje; 6. poma\u017ee u koncentraciji; 7. smanjuje sadr\u017eaj holesterola u krvi; 8. pobolj\u0161ava stanje ko\u017ee; 9. deluje umirujuc\u0301e; 10. \u0161titi kardiovaskularni sistem; 11. prevencija raka; 12. ja\u010da zglobove, 13. poma\u017ee kod bolesti respiratornog sistema; 14. poma\u017ee u stabilizaciji te\u017eine; 15. blagotvorno deluje na digestivni trakt.","og_url":"https:\/\/321.detoksland.com\/index.php\/product\/457\/","og_site_name":"Detoks Land","article_modified_time":"2023-06-07T19:13:15+00:00","og_image":[{"width":640,"height":800,"url":"https:\/\/321.detoksland.com\/wp-content\/uploads\/2023\/06\/Urbec-od-kostica-kajsija-smanj-fotogr.jpg","type":"image\/jpeg"}],"twitter_card":"summary_large_image","twitter_misc":{"Est. reading time":"2 minutes"},"schema":{"@context":"https:\/\/schema.org","@graph":[{"@type":"WebPage","@id":"https:\/\/321.detoksland.com\/index.php\/product\/457\/","url":"https:\/\/321.detoksland.com\/index.php\/product\/457\/","name":"Namaz - Urbe\u010d od ko\u0161tica kajsija - Detoks Land","isPartOf":{"@id":"https:\/\/321.detoksland.com\/#website"},"datePublished":"2023-06-07T15:29:02+00:00","dateModified":"2023-06-07T19:13:15+00:00","breadcrumb":{"@id":"https:\/\/321.detoksland.com\/index.php\/product\/457\/#breadcrumb"},"inLanguage":"en-US","potentialAction":[{"@type":"ReadAction","target":["https:\/\/321.detoksland.com\/index.php\/product\/457\/"]}]},{"@type":"BreadcrumbList","@id":"https:\/\/321.detoksland.com\/index.php\/product\/457\/#breadcrumb","itemListElement":[{"@type":"ListItem","position":1,"name":"Home","item":"https:\/\/321.detoksland.com\/"},{"@type":"ListItem","position":2,"name":"Shop","item":"https:\/\/321.detoksland.com\/index.php\/shop\/"},{"@type":"ListItem","position":3,"name":"Namaz &#8211; Urbe\u010d od ko\u0161tica kajsija"}]},{"@type":"WebSite","@id":"https:\/\/321.detoksland.com\/#website","url":"https:\/\/321.detoksland.com\/","name":"Detoks Land","description":"salon za lepotu","potentialAction":[{"@type":"SearchAction","target":{"@type":"EntryPoint","urlTemplate":"https:\/\/321.detoksland.com\/?s={search_term_string}"},"query-input":"required name=search_term_string"}],"inLanguage":"en-US"}]}},"jetpack_sharing_enabled":true,"_links":{"self":[{"href":"https:\/\/321.detoksland.com\/index.php\/wp-json\/wp\/v2\/product\/457","targetHints":{"allow":["GET"]}}],"collection":[{"href":"https:\/\/321.detoksland.com\/index.php\/wp-json\/wp\/v2\/product"}],"about":[{"href":"https:\/\/321.detoksland.com\/index.php\/wp-json\/wp\/v2\/types\/product"}],"replies":[{"embeddable":true,"href":"https:\/\/321.detoksland.com\/index.php\/wp-json\/wp\/v2\/comments?post=457"}],"wp:featuredmedia":[{"embeddable":true,"href":"https:\/\/321.detoksland.com\/index.php\/wp-json\/wp\/v2\/media\/458"}],"wp:attachment":[{"href":"https:\/\/321.detoksland.com\/index.php\/wp-json\/wp\/v2\/media?parent=457"}],"wp:term":[{"taxonomy":"product_cat","embeddable":true,"href":"https:\/\/321.detoksland.com\/index.php\/wp-json\/wp\/v2\/product_cat?post=457"},{"taxonomy":"product_tag","embeddable":true,"href":"https:\/\/321.detoksland.com\/index.php\/wp-json\/wp\/v2\/product_tag?post=457"}],"curies":[{"name":"wp","href":"https:\/\/api.w.org\/{rel}","templated":true}]}}