{"id":44,"date":"2023-02-02T16:02:36","date_gmt":"2023-02-02T16:02:36","guid":{"rendered":"https:\/\/321.detoksland.com\/?page_id=44"},"modified":"2023-03-14T15:58:15","modified_gmt":"2023-03-14T15:58:15","slug":"pocetna","status":"publish","type":"page","link":"https:\/\/321.detoksland.com\/","title":{"rendered":"Po\u010detna"},"content":{"rendered":"<p>[et_pb_section fb_built=&#8221;1&#8243; _builder_version=&#8221;4.19.5&#8243; _module_preset=&#8221;default&#8221; global_colors_info=&#8221;{}&#8221;][et_pb_row _builder_version=&#8221;4.19.5&#8243; _module_preset=&#8221;default&#8221; global_colors_info=&#8221;{}&#8221;][et_pb_column type=&#8221;4_4&#8243; _builder_version=&#8221;4.19.5&#8243; _module_preset=&#8221;default&#8221; global_colors_info=&#8221;{}&#8221;][et_pb_slider show_image_video_mobile=&#8221;on&#8221; _builder_version=&#8221;4.20.2&#8243; _module_preset=&#8221;default&#8221; background_image=&#8221;https:\/\/321.detoksland.com\/wp-content\/uploads\/2023\/02\/SLIDE-2-ZA-DIVI-SAJT.png&#8221; auto=&#8221;on&#8221; link_option_url=&#8221;https:\/\/321.detoksland.com\/index.php\/kontakt\/&#8221; hover_enabled=&#8221;0&#8243; global_colors_info=&#8221;{}&#8221; sticky_enabled=&#8221;0&#8243;][et_pb_slide heading=&#8221;Dobro do\u0161li&#8221; button_text=&#8221;Saznajte vi\u0161e&#8221; button_link=&#8221;https:\/\/321.detoksland.com\/index.php\/kontakt\/&#8221; use_bg_overlay=&#8221;on&#8221; use_text_overlay=&#8221;on&#8221; _builder_version=&#8221;4.20.0&#8243; _module_preset=&#8221;default&#8221; use_background_color_gradient=&#8221;on&#8221; background_image=&#8221;https:\/\/321.detoksland.com\/wp-content\/uploads\/2023\/02\/SLIDE-BR-1.png&#8221; background_enable_image=&#8221;on&#8221; custom_button=&#8221;on&#8221; global_colors_info=&#8221;{}&#8221; sticky_transition=&#8221;on&#8221;]<\/p>\n<p>Razmazite sebe tretmanima u Detoks Land-u. Zaslu\u017eujete da zra\u010dite i ose\u0107ate se dobro.<\/p>\n<p>[\/et_pb_slide][et_pb_slide heading=&#8221;Tretmani Lica Inovativnim Estetskim Tehnikama&#8221; button_text=&#8221;Saznajte vi\u0161e&#8221; button_link=&#8221;https:\/\/321.detoksland.com\/index.php\/kontakt\/&#8221; use_bg_overlay=&#8221;on&#8221; use_text_overlay=&#8221;on&#8221; _builder_version=&#8221;4.20.0&#8243; _module_preset=&#8221;default&#8221; custom_button=&#8221;on&#8221; global_colors_info=&#8221;{}&#8221; sticky_transition=&#8221;on&#8221;]<\/p>\n<p>Na\u010din na koji na\u0161a ko\u017ea izgleda mnogo govori o nama i na kraju mo\u017ee defnisati na\u0161 imid\u017e i samopo\u0161tovanje.<\/p>\n<p>[\/et_pb_slide][\/et_pb_slider][\/et_pb_column][\/et_pb_row][et_pb_row column_structure=&#8221;1_2,1_2&#8243; _builder_version=&#8221;4.19.5&#8243; _module_preset=&#8221;default&#8221; background_enable_mask_style=&#8221;on&#8221; global_colors_info=&#8221;{}&#8221;][et_pb_column type=&#8221;1_2&#8243; _builder_version=&#8221;4.19.5&#8243; _module_preset=&#8221;default&#8221; global_colors_info=&#8221;{}&#8221;][et_pb_text _builder_version=&#8221;4.19.5&#8243; _module_preset=&#8221;default&#8221; background_enable_color=&#8221;off&#8221; custom_margin=&#8221;|0px||50px|false|false&#8221; global_colors_info=&#8221;{}&#8221;]<\/p>\n<h2 style=\"text-align: center;\">PROGRAMI DETOKSIKACIJE<\/h2>\n<p>&nbsp;<\/p>\n<p style=\"text-align: justify;\">Jedini siguran na\u010din da promenite svoj \u017eivot jeste da promenite svoj \u017eivotni stil. Budite svesni da dugoro\u010dni uspeh zavisi od stalnih malih promena u va\u0161em svakodnevnom \u017eivotu. Kada donesete odluku o prelasku na zdraviji stil \u017eivota, po\u010dnite sa detoksikacijom kod nas.<\/p>\n<p style=\"text-align: justify;\">Duboki detoks tela poma\u017ee da vam telo bolje funkcioni\u0161e na svim nivoima, fizi\u010dkom, energetskom, mentalnom, duhovnom i emocionalnom. Pove\u0107ava nivo energije, odr\u017eava vas aktivnim, ja\u010da va\u0161 imuni sistem \u010dine\u0107i da se ose\u0107ate i izgledate mla\u0111e. Upravo, idealan je na\u010din da se resetujete, da vam ko\u017ea kosa i nokti\u00a0 dobiju\u00a0 zdrav i sjajan izgled, da preoblikujete telo prirodnim putem.<\/p>\n<p style=\"text-align: justify;\">[\/et_pb_text][et_pb_button button_text=&#8221;Detaljnije&#8221; button_alignment=&#8221;left&#8221; _builder_version=&#8221;4.20.0&#8243; _module_preset=&#8221;default&#8221; custom_button=&#8221;on&#8221; button_text_color=&#8221;#000000&#8243; button_bg_color=&#8221;rgba(255,255,255,0)&#8221; button_border_width=&#8221;2px&#8221; button_border_color=&#8221;rgba(107,0,58,0.35)&#8221; button_icon=&#8221;&#x24;||divi||400&#8243; custom_margin=&#8221;|||308px|false|false&#8221; filter_saturate=&#8221;151%&#8221; filter_brightness=&#8221;101%&#8221; filter_contrast=&#8221;102%&#8221; global_colors_info=&#8221;{}&#8221;][\/et_pb_button][\/et_pb_column][et_pb_column type=&#8221;1_2&#8243; _builder_version=&#8221;4.19.5&#8243; _module_preset=&#8221;default&#8221; global_colors_info=&#8221;{}&#8221;][et_pb_image src=&#8221;https:\/\/321.detoksland.com\/wp-content\/uploads\/2023\/02\/Fotogr-za-pocetnu-str.png&#8221; title_text=&#8221;Fotogr za pocetnu str&#8221; align=&#8221;right&#8221; _builder_version=&#8221;4.19.5&#8243; _module_preset=&#8221;default&#8221; width=&#8221;54%&#8221; max_width=&#8221;61%&#8221; module_alignment=&#8221;center&#8221; min_height=&#8221;420px&#8221; height=&#8221;461px&#8221; max_height=&#8221;706px&#8221; custom_margin=&#8221;|0px|||false|false&#8221; custom_padding=&#8221;|0px||0px|false|false&#8221; box_shadow_style=&#8221;preset3&#8243; global_colors_info=&#8221;{}&#8221;][\/et_pb_image][\/et_pb_column][\/et_pb_row][\/et_pb_section]<\/p>\n","protected":false},"excerpt":{"rendered":"<p>Razmazite sebe tretmanima u Detoks Land-u. Zaslu\u017eujete da zra\u010dite i ose\u0107ate se dobro.Na\u010din na koji na\u0161a ko\u017ea izgleda mnogo govori o nama i na kraju mo\u017ee defnisati na\u0161 imid\u017e i samopo\u0161tovanje.PROGRAMI DETOKSIKACIJE &nbsp; Jedini siguran na\u010din da promenite svoj \u017eivot jeste da promenite svoj \u017eivotni stil. Budite svesni da dugoro\u010dni uspeh zavisi od stalnih malih [&hellip;]<\/p>\n","protected":false},"author":1,"featured_media":0,"parent":0,"menu_order":0,"comment_status":"closed","ping_status":"closed","template":"","meta":{"_et_pb_use_builder":"on","_et_pb_old_content":"","_et_gb_content_width":"","footnotes":""},"class_list":["post-44","page","type-page","status-publish","hentry"],"yoast_head":"<!-- This site is optimized with the Yoast SEO plugin v22.1 - https:\/\/yoast.com\/wordpress\/plugins\/seo\/ -->\n<title>Po\u010detna - Detoks Land<\/title>\n<meta name=\"robots\" content=\"index, follow, max-snippet:-1, max-image-preview:large, max-video-preview:-1\" \/>\n<link rel=\"canonical\" href=\"https:\/\/321.detoksland.com\/\" \/>\n<meta property=\"og:locale\" content=\"en_US\" \/>\n<meta property=\"og:type\" content=\"article\" \/>\n<meta property=\"og:title\" content=\"Po\u010detna - Detoks Land\" \/>\n<meta property=\"og:description\" content=\"Razmazite sebe tretmanima u Detoks Land-u. Zaslu\u017eujete da zra\u010dite i ose\u0107ate se dobro.Na\u010din na koji na\u0161a ko\u017ea izgleda mnogo govori o nama i na kraju mo\u017ee defnisati na\u0161 imid\u017e i samopo\u0161tovanje.PROGRAMI DETOKSIKACIJE &nbsp; Jedini siguran na\u010din da promenite svoj \u017eivot jeste da promenite svoj \u017eivotni stil. Budite svesni da dugoro\u010dni uspeh zavisi od stalnih malih [&hellip;]\" \/>\n<meta property=\"og:url\" content=\"https:\/\/321.detoksland.com\/\" \/>\n<meta property=\"og:site_name\" content=\"Detoks Land\" \/>\n<meta property=\"article:modified_time\" content=\"2023-03-14T15:58:15+00:00\" \/>\n<meta name=\"twitter:card\" content=\"summary_large_image\" \/>\n<meta name=\"twitter:label1\" content=\"Est. reading time\" \/>\n\t<meta name=\"twitter:data1\" content=\"3 minutes\" \/>\n<script type=\"application\/ld+json\" class=\"yoast-schema-graph\">{\"@context\":\"https:\/\/schema.org\",\"@graph\":[{\"@type\":\"WebPage\",\"@id\":\"https:\/\/321.detoksland.com\/\",\"url\":\"https:\/\/321.detoksland.com\/\",\"name\":\"Po\u010detna - Detoks Land\",\"isPartOf\":{\"@id\":\"https:\/\/321.detoksland.com\/#website\"},\"datePublished\":\"2023-02-02T16:02:36+00:00\",\"dateModified\":\"2023-03-14T15:58:15+00:00\",\"breadcrumb\":{\"@id\":\"https:\/\/321.detoksland.com\/#breadcrumb\"},\"inLanguage\":\"en-US\",\"potentialAction\":[{\"@type\":\"ReadAction\",\"target\":[\"https:\/\/321.detoksland.com\/\"]}]},{\"@type\":\"BreadcrumbList\",\"@id\":\"https:\/\/321.detoksland.com\/#breadcrumb\",\"itemListElement\":[{\"@type\":\"ListItem\",\"position\":1,\"name\":\"Home\",\"item\":\"https:\/\/321.detoksland.com\/\"},{\"@type\":\"ListItem\",\"position\":2,\"name\":\"Po\u010detna\"}]},{\"@type\":\"WebSite\",\"@id\":\"https:\/\/321.detoksland.com\/#website\",\"url\":\"https:\/\/321.detoksland.com\/\",\"name\":\"Detoks Land\",\"description\":\"salon za lepotu\",\"potentialAction\":[{\"@type\":\"SearchAction\",\"target\":{\"@type\":\"EntryPoint\",\"urlTemplate\":\"https:\/\/321.detoksland.com\/?s={search_term_string}\"},\"query-input\":\"required name=search_term_string\"}],\"inLanguage\":\"en-US\"}]}<\/script>\n<!-- \/ Yoast SEO plugin. -->","yoast_head_json":{"title":"Po\u010detna - Detoks Land","robots":{"index":"index","follow":"follow","max-snippet":"max-snippet:-1","max-image-preview":"max-image-preview:large","max-video-preview":"max-video-preview:-1"},"canonical":"https:\/\/321.detoksland.com\/","og_locale":"en_US","og_type":"article","og_title":"Po\u010detna - Detoks Land","og_description":"Razmazite sebe tretmanima u Detoks Land-u. Zaslu\u017eujete da zra\u010dite i ose\u0107ate se dobro.Na\u010din na koji na\u0161a ko\u017ea izgleda mnogo govori o nama i na kraju mo\u017ee defnisati na\u0161 imid\u017e i samopo\u0161tovanje.PROGRAMI DETOKSIKACIJE &nbsp; Jedini siguran na\u010din da promenite svoj \u017eivot jeste da promenite svoj \u017eivotni stil. Budite svesni da dugoro\u010dni uspeh zavisi od stalnih malih [&hellip;]","og_url":"https:\/\/321.detoksland.com\/","og_site_name":"Detoks Land","article_modified_time":"2023-03-14T15:58:15+00:00","twitter_card":"summary_large_image","twitter_misc":{"Est. reading time":"3 minutes"},"schema":{"@context":"https:\/\/schema.org","@graph":[{"@type":"WebPage","@id":"https:\/\/321.detoksland.com\/","url":"https:\/\/321.detoksland.com\/","name":"Po\u010detna - Detoks Land","isPartOf":{"@id":"https:\/\/321.detoksland.com\/#website"},"datePublished":"2023-02-02T16:02:36+00:00","dateModified":"2023-03-14T15:58:15+00:00","breadcrumb":{"@id":"https:\/\/321.detoksland.com\/#breadcrumb"},"inLanguage":"en-US","potentialAction":[{"@type":"ReadAction","target":["https:\/\/321.detoksland.com\/"]}]},{"@type":"BreadcrumbList","@id":"https:\/\/321.detoksland.com\/#breadcrumb","itemListElement":[{"@type":"ListItem","position":1,"name":"Home","item":"https:\/\/321.detoksland.com\/"},{"@type":"ListItem","position":2,"name":"Po\u010detna"}]},{"@type":"WebSite","@id":"https:\/\/321.detoksland.com\/#website","url":"https:\/\/321.detoksland.com\/","name":"Detoks Land","description":"salon za lepotu","potentialAction":[{"@type":"SearchAction","target":{"@type":"EntryPoint","urlTemplate":"https:\/\/321.detoksland.com\/?s={search_term_string}"},"query-input":"required name=search_term_string"}],"inLanguage":"en-US"}]}},"jetpack_sharing_enabled":true,"_links":{"self":[{"href":"https:\/\/321.detoksland.com\/index.php\/wp-json\/wp\/v2\/pages\/44","targetHints":{"allow":["GET"]}}],"collection":[{"href":"https:\/\/321.detoksland.com\/index.php\/wp-json\/wp\/v2\/pages"}],"about":[{"href":"https:\/\/321.detoksland.com\/index.php\/wp-json\/wp\/v2\/types\/page"}],"author":[{"embeddable":true,"href":"https:\/\/321.detoksland.com\/index.php\/wp-json\/wp\/v2\/users\/1"}],"replies":[{"embeddable":true,"href":"https:\/\/321.detoksland.com\/index.php\/wp-json\/wp\/v2\/comments?post=44"}],"version-history":[{"count":13,"href":"https:\/\/321.detoksland.com\/index.php\/wp-json\/wp\/v2\/pages\/44\/revisions"}],"predecessor-version":[{"id":165,"href":"https:\/\/321.detoksland.com\/index.php\/wp-json\/wp\/v2\/pages\/44\/revisions\/165"}],"wp:attachment":[{"href":"https:\/\/321.detoksland.com\/index.php\/wp-json\/wp\/v2\/media?parent=44"}],"curies":[{"name":"wp","href":"https:\/\/api.w.org\/{rel}","templated":true}]}}